lculate the remainder when r is divided by f(-2).
10
What is the remainder when 94 is divided by ((-119)/(-140)*8)/(2/10)?
26
Let l(w) = 4*w + 2. Suppose 30 = o + j, -o - 1 = -4*j - 16. What is the remainder when o is divided by l(2)?
7
Let y(k) = k**3 + 2*k**2 + 2. Let h be y(-2). Suppose -3*v - h = -w - 3*w, -v - 2*w = -6. What is the remainder when 7 is divided by v?
1
Let o = 27 + -20. Calculate the remainder when 10 is divided by o.
3
Suppose 3*z = 5 + 16. Suppose 8*m - 108 = 4*m - 2*q, 5*q = 10. Calculate the remainder when m is divided by z.
5
Let z = 72 - 37. Suppose y - 5*t + 2*t + 10 = 0, 0 = -4*y + t - 18. What is the remainder when z is divided by (-46)/y - 2/(-4)?
11
Suppose 2*r - 18 = 20. What is the remainder when (55/3)/(3/9) is divided by r?
17
Let u be -1*10/(-8)*-4. Let m = u - -19. Suppose -5*s + 4*y + 141 - 31 = 0, 47 = 2*s - y. Calculate the remainder when s is divided by m.
12
Let h(u) = 14*u**2. Calculate the remainder when h(-1) is divided by 8.
6
Suppose -11 = 3*s - 176. Suppose -2*l + 48 = 3*a, -5*a + 5*l + 25 = -s. Let y = 11 + 19. What is the remainder when y is divided by a?
14
Let t(z) = z. Let y be t(-4). Suppose 0 = -3*c + 2*f + 12, -4*c - 2 = -f - 13. Calculate the remainder when 21 is divided by (-45)/y + c/(-8).
10
Suppose 3*i - i = 2*s + 114, 0 = i - 2*s - 62. Suppose -b - i = -4*p - 0*b, 4*p = 5*b + 52. What is the remainder when 23 is divided by p?
10
Suppose -5*h - k = -77, 0*k - 24 = -2*h + 3*k. Let a = 245 + -241. Calculate the remainder when h is divided by a.
3
Let k(z) = -z - 3. Let w be k(-4). Let l(f) = 12*f. Calculate the remainder when 47 is divided by l(w).
11
Let h be 3/3 + 2*13. Suppose 2*l - h = -l. Suppose 5*q - 113 = 7. What is the remainder when q is divided by l?
6
What is the remainder when 99 is divided by ((-120)/45)/(4/(-30))?
19
Let z(p) = 140*p - 14. Let j(a) = -47*a + 5. Let d(s) = -14*j(s) - 5*z(s). Let q be d(3). Let g = -82 - q. Calculate the remainder when g is divided by 15.
14
Let g = 0 + 19. Calculate the remainder when 73 is divided by g.
16
Let q(a) = -a**3 - 3*a**2 - a. Let z(u) = -u**2 - 5*u + 2. Calculate the remainder when q(-3) is divided by z(-5).
1
Let u = 15 - 8. Let z = 21 + u. What is the remainder when z is divided by 15?
13
Let y(k) = k**2 - 3*k + 2. Suppose 25*u - 60 = 21*u. Calculate the remainder when y(-5) is divided by u.
12
Suppose -2*u + 31 = -u. Suppose 5*f + 85 = 5*y, -5*y - f = -3*f - 88. What is the remainder when u is divided by y/30 + (-154)/(-10)?
15
Suppose -2*n = n - 39. Let r(i) = 4*i**3 + i**2 - i. Let u be r(1). Suppose -45 - 103 = -u*m. What is the remainder when m is divided by n?
11
Suppose -2*b + 86 - 4 = 0. Suppose 5*a - 3*l - 4 = 3, 2*a - 3 = l. Suppose a*p - 13 = -2*j + 13, -5*j + 71 = -p. What is the remainder when b is divided by j?
13
Suppose n = 1 - 8. Let t(m) = -m**3 - 6*m**2 + 5*m - 10. Calculate the remainder when t(n) is divided by 2/4 - 6/(-4).
0
Suppose 0 = -h - 6 + 20. What is the remainder when 68 is divided by h?
12
Suppose -2*a = 2*a + 36. What is the remainder when 23 is divided by 8/6 + (-96)/a?
11
Suppose 2*f + 0*f = 98. Let q be 12*-7*(-1)/(-3). Let w = -11 - q. Calculate the remainder when f is divided by w.
15
Suppose -3*c = -12 + 3. Let x = -1 + c. What is the remainder when 5 is divided by x?
1
Let x(b) = -1. Let u(o) = -3*o - 2. Let i(r) = -u(r) - 4*x(r). Let j = -106 - -117. What is the remainder when i(5) is divided by j?
10
Let n(v) = -2*v**2 + 3*v + 5. Let y be n(7). Let o = -37 - y. Let h = -6 - -15. Calculate the remainder when o is divided by h.
8
Suppose 2*h - 81 = 5. Calculate the remainder when 127 is divided by h.
41
Let u(g) = g. Let v = -1 + 1. Let j be u(v). Suppose 3 = 3*y - j*y. What is the remainder when 2 is divided by y?
0
Let y = 10 + -8. Suppose 0 = -3*k - 5*a - 104, 4*a + 44 = -3*k + y*k. Let s = k - -52. What is the remainder when s is divided by 13?
11
Calculate the remainder when (6/(-9))/(12/(-198)) is divided by 6.
5
Suppose -h + w = -14, -h = w + 2*w - 2. Let i(g) = -g**2 + 11*g - 13. Let v be i(h). Let t = v - -23. What is the remainder when 28 is divided by t?
8
Suppose 3*y - y = b - 37, y = 2*b - 59. Calculate the remainder when 105 is divided by b.
24
Let w = -10 + 61. What is the remainder when 354 is divided by w?
48
Let m = -1 - -3. Let n(t) = 2*t**3 - 2*t**2 + 3*t - 1. What is the remainder when n(m) is divided by -2 - (-8 + (1 - 2))?
6
Suppose k + 2*k - 6 = 0. Suppose 0 = -g - 4, 0 = -k*w - 4*g - 7 - 5. Suppose -5*s + 2*s = 3*m - 33, 0 = w*s - 2. What is the remainder when 18 is divided by m?
8
Let k(f) = -f**2 - 2*f + 24. Let y be k(0). Suppose -b - y = -64. Suppose -2*l = 3*l - 70. Calculate the remainder when b is divided by l.
12
Let b(p) = 6*p**3 - 4*p**2 + 4. What is the remainder when 69 is divided by b(2)?
33
Suppose 17*h - 20*h + 111 = 0. What is the remainder when h is divided by 10?
7
Let g = 18 - 8. Let p = g - -18. What is the remainder when p is divided by 15?
13
Suppose -w + 976 = 4*c, 5*c + w - 1231 = -3*w. Suppose -2*o - 8 = 0, 5*r - o - c = o. What is the remainder when r is divided by 16?
15
Let o = 170 - 48. Calculate the remainder when o is divided by 31.
29
Calculate the remainder when (-27)/(-1)*2/3 is divided by 7.
4
Suppose l - 26 = -2*c, -5*c + 17 = 3*l - 61. Calculate the remainder when 75 is divided by l.
23
Let m = -4 - -5. Suppose -2*k - 4*g = -14 - 0, -4*g = -k + m. Suppose s + c - 21 = -0*c, -s - k*c + 5 = 0. What is the remainder when s is divided by 9?
7
Let p = -18 - -28. Calculate the remainder when p is divided by 2.
0
Suppose -2*w - 6*t + t + 38 = 0, 0 = t. Suppose f + 5*l - 33 = 0, -f + 2*f - 2*l - w = 0. What is the remainder when 68 is divided by f?
22
Suppose -2*l = j - 5, 2*j - l = l + 4. Let g be (9/6 - 2)*0. Suppose -5*h + 9 + 11 = g. What is the remainder when h is divided by j?
1
Suppose -1 = -4*r + 3. What is the remainder when (2 - -2) + r + -1 is divided by 2?
0
Let r be (-5 - -3)*-18 + -2. Suppose -3*o + 54 = 3*g, -o - 3*g = o - r. Calculate the remainder when o is divided by 7.
6
Let z be 1 + -2 + 1 - -9. Suppose 3 = -l + z. Calculate the remainder when 6 is divided by 12/(-9)*l/(-2).
2
Calculate the remainder when (-2)/4*-8*3 is divided by 5.
2
Suppose 4*n - 140 = -3*n. Calculate the remainder when 37 is divided by n.
17
Suppose d = -d, -5*y + d = -85. Let k = 9 - y. Calculate the remainder when 9 is divided by 2/k*-5*4.
4
Let t(r) = -r**3 - 8*r**2 + 9*r - 1. Let o be ((2 - 5) + -6)*1. Let m be t(o). Calculate the remainder when 47 is divided by (14/(-35))/(m/40).
15
Suppose 0 = d - 1. Let b be ((-1 - 0) + 1)/2. What is the remainder when 16 is divided by (-9 - 0)*(b - d)?
7
Let d be (-1 - -2)*(-190)/(-2). Suppose 5*r = 50 + d. Let g = 35 + -25. Calculate the remainder when r is divided by g.
9
Let k(i) = -i**3 + 2*i**2 + 2*i - 2. Let x be k(2). Suppose 0*j = x*j - 26. Calculate the remainder when 38 is divided by j.
12
Suppose 0*i + 4 = 4*i. Suppose 2*m - 4 = -a - i, 0 = 2*a - 4*m + 2. What is the remainder when 1 is divided by a?
0
Let h = 5 - -6. Suppose -11 = -2*d + h. Let m = -3 - -7. Calculate the remainder when d is divided by m.
3
Let h = -12 + 17. What is the remainder when 8 is divided by h?
3
Let n(v) = -13*v**3 + v + 1. Suppose 7 = -3*h + 2*l - 3*l, 0 = h - 5*l - 19. Calculate the remainder when 25 is divided by n(h).
12
Suppose 0 = 2*n - 7*n + 15. Let h(m) = m**2 + 4*m - 5. What is the remainder when h(-6) is divided by n?
1
Let s = 63 - 40. Let h(c) = -c**3 + 6*c**2 - 2. Let q be h(6). What is the remainder when (-2)/q - (-132)/3 is divided by s?
22
Let p(t) = t + 2. Calculate the remainder when 43 is divided by p(7).
7
Let j = 16 + -12. Let y = -1 - -3. Calculate the remainder when j is divided by y.
0
Let j(w) = -w**3 + 5*w**2 + 3*w - 6. Calculate the remainder when j(4) is divided by 12.
10
What is the remainder when 28 is divided by ((-48)/10)/(6/(-20))?
12
Let i(k) be the third derivative of 7*k**4/12 - k**3/2 - k**2. Let m be 4 + -1 + (1 - 2). Calculate the remainder when i(m) is divided by 9.
7
Suppose 68 = q + 3*q. What is the remainder when (-490)/(-15)*(-18)/(-7) is divided by q?
16
Let q = 108 + 60. Calculate the remainder when q is divided by 17.
15
Suppose -4*s - s - 5*w + 45 = 0, 0 = 3*s - 